{"id":2541,"date":"2024-01-12T09:16:56","date_gmt":"2024-01-12T08:16:56","guid":{"rendered":"https:\/\/bonif.org?page_id=2541"},"modified":"2024-01-12T09:16:56","modified_gmt":"2024-01-12T08:16:56","slug":"whistleblowing","status":"publish","type":"page","link":"https:\/\/bonif.org\/?page_id=2541","title":{"rendered":"Whistleblowing"},"content":{"rendered":"<p>Gem\u00e4\u00df dem Gesetzesdekret Nr. 24 vom 10. M\u00e4rz 2023 hat das Bonifizierungskonsortium die vorgeschriebenen Kan\u00e4le f\u00fcr die Entgegennahme und Verwaltung von Whistleblowing-Meldungen eingerichtet.<\/p>\n<p><a href=\"https:\/\/bonif.org\/wp-content\/uploads\/2024\/01\/Ver\u00f6ffentlichung-Webseite.doc.pdf\">Mitteilung Whistleblowing<\/a><\/p>\n<p><a href=\"https:\/\/bonif.org\/wp-content\/uploads\/2024\/01\/Regolamento-per-la-tutela-della-persona-che-segnala.pdf\">Verordnung \u00fcber den Schutz der meldenden Person<\/a><\/p>\n<p><a href=\"https:\/\/bonif.org\/wp-content\/uploads\/2024\/01\/Datenschutzmitteilung.doc.pdf\">Datenschutzmitteilung<\/a><\/p>\n","protected":false},"excerpt":{"rendered":"<p>Gem\u00e4\u00df dem Gesetzesdekret Nr. 24 vom 10. M\u00e4rz 2023 hat das Bonifizierungskonsortium die vorgeschriebenen Kan\u00e4le f\u00fcr die Entgegennahme und Verwaltung von Whistleblowing-Meldungen eingerichtet. Mitteilung Whistleblowing Verordnung \u00fcber den Schutz der meldenden Person Datenschutzmitteilung<\/p>\n","protected":false},"author":3,"featured_media":0,"parent":0,"menu_order":0,"comment_status":"open","ping_status":"open","template":"","meta":{"_acf_changed":false,"footnotes":""},"class_list":["post-2541","page","type-page","status-publish","hentry"],"acf":[],"jetpack_sharing_enabled":true,"_links":{"self":[{"href":"https:\/\/bonif.org\/index.php?rest_route=\/wp\/v2\/pages\/2541","targetHints":{"allow":["GET"]}}],"collection":[{"href":"https:\/\/bonif.org\/index.php?rest_route=\/wp\/v2\/pages"}],"about":[{"href":"https:\/\/bonif.org\/index.php?rest_route=\/wp\/v2\/types\/page"}],"author":[{"embeddable":true,"href":"https:\/\/bonif.org\/index.php?rest_route=\/wp\/v2\/users\/3"}],"replies":[{"embeddable":true,"href":"https:\/\/bonif.org\/index.php?rest_route=%2Fwp%2Fv2%2Fcomments&post=2541"}],"version-history":[{"count":1,"href":"https:\/\/bonif.org\/index.php?rest_route=\/wp\/v2\/pages\/2541\/revisions"}],"predecessor-version":[{"id":2542,"href":"https:\/\/bonif.org\/index.php?rest_route=\/wp\/v2\/pages\/2541\/revisions\/2542"}],"wp:attachment":[{"href":"https:\/\/bonif.org\/index.php?rest_route=%2Fwp%2Fv2%2Fmedia&parent=2541"}],"curies":[{"name":"wp","href":"https:\/\/api.w.org\/{rel}","templated":true}]}}