{"id":14,"date":"2015-04-30T08:53:25","date_gmt":"2015-04-30T06:53:25","guid":{"rendered":"https:\/\/bonif.org.dd27824.kasserver.com\/projekt\/?page_id=14"},"modified":"2015-06-11T10:15:16","modified_gmt":"2015-06-11T08:15:16","slug":"instandhaltung-der-schoepfwerke","status":"publish","type":"page","link":"https:\/\/bonif.org\/?page_id=14","title":{"rendered":"Instandhaltung der Sch\u00f6pfwerke"},"content":{"rendered":"<h2>Instandhaltung der Sch\u00f6pfwerke<\/h2>\n<p>&nbsp;<\/p>\n<p>Im Einzugsgebiet des Bonifizierungskonsortiums gibt es Zonen, aus welchen das Oberfl\u00e4chenwasser nicht immer nat\u00fcrlich abflie\u00dfen kann und welche daher mechanisch mittels eines eigenen Sch\u00f6pfwerkes entw\u00e4ssert werden m\u00fcssen.<\/p>\n<div id=\"idTextPanel\" class=\"jqDnR\">\n<p>Das Bonifizierungskonsortium betreibt folgende Sch\u00f6pfwerke:<\/p>\n<p><u>Sch\u00f6pfwerk Salurn:<br \/>\n<\/u>Eigentum der Autonomen Provinz Bozen-S\u00fcdtirol<br \/>\nParzellen:\u00a0\u00a0\u00a0\u00a0\u00a0 K.G. Salurn\u00a0\u00a0\u00a0\u00a0\u00a0\u00a0\u00a0\u00a0\u00a0\u00a0\u00a0\u00a0\u00a0\u00a0 B.P. 785 und 788<br \/>\nFl\u00e4che Einzugsgebiet:\u00a0\u00a0\u00a0\u00a0\u00a0\u00a0\u00a0\u00a0\u00a0\u00a0\u00a0\u00a0\u00a0\u00a0\u00a0\u00a0\u00a0\u00a0\u00a0 475,2\u00a0 ha<br \/>\nF\u00f6rdermenge: \u00a0 \u00a0 \u00a0 \u00a0 \u00a0 \u00a0 \u00a0 \u00a0 \u00a0 \u00a0 \u00a0 \u00a0 \u00a0 \u00a0 \u00a0 \u00a0 \u00a0 \u00a010.000\u00a0 Liter\/Sekunde<\/p>\n<p><u>Sch\u00f6pfwerk Neumarkt:<br \/>\n<\/u>Eigentum der Autonomen Provinz Bozen-S\u00fcdtirol<br \/>\nParzellen:\u00a0\u00a0\u00a0\u00a0\u00a0 K.G. Laag \u00a0 \u00a0 \u00a0 \u00a0 \u00a0 \u00a0 \u00a0 \u00a0 \u00a0 \u00a0 B.P.\u00a0 359<br \/>\nK.G. Neumarkt \u00a0 \u00a0 \u00a0 \u00a0 \u00a0 \u00a0 \u00a0 \u00a0 \u00a0 \u00a0 \u00a0 \u00a0 \u00a0 \u00a0 \u00a0 \u00a0 \u00a0 \u00a0 B.P. \u00a01060<br \/>\nFl\u00e4che Einzugsgebiet: \u00a0 \u00a0 \u00a0 \u00a0 \u00a0 \u00a0 \u00a0 \u00a0 \u00a0 \u00a0 239,3\u00a0 ha<br \/>\nF\u00f6rdermenge: \u00a0 \u00a0 \u00a0 \u00a0 \u00a0 \u00a0 \u00a0 \u00a0 \u00a0 \u00a0 \u00a0 \u00a0 \u00a0 \u00a0 \u00a0 \u00a0 \u00a0 \u00a0 \u00a02.000\u00a0 Liter\/Sekunde<\/p>\n<p><u>Sch\u00f6pfwerk Vill:<br \/>\n<\/u>Eigentum der Autonomen Provinz Bozen-S\u00fcdtirol<br \/>\nParzellen:\u00a0\u00a0\u00a0\u00a0\u00a0 K.G. Neumarkt\u00a0\u00a0\u00a0\u00a0\u00a0\u00a0\u00a0\u00a0 auf der G.P. 718\/3<br \/>\nFl\u00e4che Einzugsgebiet: \u00a0 \u00a0 \u00a0 \u00a0 \u00a0 \u00a0 \u00a0 \u00a0 \u00a0 \u00a0 \u00a033,9\u00a0 ha<br \/>\nF\u00f6rdermenge: \u00a0 \u00a0 \u00a0 \u00a0 \u00a0 \u00a0 \u00a0 \u00a0 \u00a0 \u00a0 \u00a0 \u00a0 \u00a0 \u00a0 \u00a0 \u00a0 \u00a0 \u00a0 \u00a0 600\u00a0 Liter\/Sekunde<\/p>\n<p><u>Sch\u00f6pfwerk Laag:<br \/>\n<\/u>Eigentum der Autonomen Provinz Bozen-S\u00fcdtirol<br \/>\nParzellen:\u00a0\u00a0\u00a0\u00a0\u00a0 K.G. Laag \u00a0 \u00a0 \u00a0 \u00a0 \u00a0 \u00a0 \u00a0 \u00a0 \u00a0 \u00a0auf der G.P. 31\/3<br \/>\nFl\u00e4che Einzugsgebiet:\u00a0\u00a0\u00a0\u00a0\u00a0\u00a0\u00a0\u00a0\u00a0\u00a0\u00a0\u00a0\u00a0\u00a0\u00a0\u00a0\u00a0\u00a0\u00a0 16,0\u00a0 ha<br \/>\nF\u00f6rdermenge: \u00a0 \u00a0 \u00a0 \u00a0 \u00a0 \u00a0 \u00a0 \u00a0 \u00a0 \u00a0 \u00a0 \u00a0 \u00a0 \u00a0 \u00a0 \u00a0 \u00a0 \u00a0 250\u00a0 Liter\/Sekunde<\/p>\n<p><u>Sch\u00f6pfwerk Kaltern (Pirstl):<br \/>\n<\/u>Eigentum der Autonomen Provinz Bozen-S\u00fcdtirol<br \/>\nParzellen:\u00a0\u00a0\u00a0\u00a0\u00a0 K.G. Kaltern\u00a0\u00a0\u00a0\u00a0\u00a0\u00a0\u00a0\u00a0\u00a0\u00a0\u00a0\u00a0 auf der G.P. 6868\/2<br \/>\nFl\u00e4che Einzugsgebiet:\u00a0\u00a0\u00a0\u00a0\u00a0\u00a0\u00a0\u00a0\u00a0\u00a0\u00a0\u00a0\u00a0\u00a0\u00a0\u00a0\u00a0\u00a0\u00a0 100,5\u00a0 ha<br \/>\nF\u00f6rdermenge: \u00a0 \u00a0 \u00a0 \u00a0 \u00a0 \u00a0 \u00a0 \u00a0 \u00a0 \u00a0 \u00a0 \u00a0 \u00a0 \u00a0 \u00a0 \u00a0 \u00a0 \u00a0 300\u00a0 Liter\/Sekunde<\/p>\n<p><u>Sch\u00f6pfwerk Kurtatsch:<br \/>\n<\/u>Eigentum der Gemeinde Kurtatsch<br \/>\nParzellen:\u00a0\u00a0\u00a0\u00a0\u00a0 K.G. Kurtatsch\u00a0\u00a0\u00a0\u00a0\u00a0\u00a0\u00a0\u00a0 auf der G.P. 1098\/2<br \/>\nFl\u00e4che Einzugsgebiet: \u00a0 \u00a0 \u00a0 \u00a0 \u00a0 \u00a0 \u00a0 \u00a0 \u00a0 \u00a0 \u00a016,9\u00a0 ha<br \/>\nF\u00f6rdermenge: \u00a0 \u00a0 \u00a0 \u00a0 \u00a0 \u00a0 \u00a0 \u00a0 \u00a0 \u00a0 \u00a0 \u00a0 \u00a0 \u00a0 \u00a0 \u00a0 \u00a0 \u00a0 \u00a0 250\u00a0 Liter\/Sekunde<\/p>\n<p>&nbsp;<\/p>\n<\/div>\n","protected":false},"excerpt":{"rendered":"<p>Instandhaltung der Sch\u00f6pfwerke &nbsp; Im Einzugsgebiet des Bonifizierungskonsortiums gibt es Zonen, aus welchen das Oberfl\u00e4chenwasser nicht immer nat\u00fcrlich abflie\u00dfen kann und welche daher mechanisch mittels eines eigenen Sch\u00f6pfwerkes entw\u00e4ssert werden m\u00fcssen. Das Bonifizierungskonsortium betreibt folgende Sch\u00f6pfwerke: Sch\u00f6pfwerk Salurn: Eigentum der Autonomen Provinz Bozen-S\u00fcdtirol Parzellen:\u00a0\u00a0\u00a0\u00a0\u00a0 K.G. Salurn\u00a0\u00a0\u00a0\u00a0\u00a0\u00a0\u00a0\u00a0\u00a0\u00a0\u00a0\u00a0\u00a0\u00a0 B.P. 785 und 788 Fl\u00e4che Einzugsgebiet:\u00a0\u00a0\u00a0\u00a0\u00a0\u00a0\u00a0\u00a0\u00a0\u00a0\u00a0\u00a0\u00a0\u00a0\u00a0\u00a0\u00a0\u00a0\u00a0 475,2\u00a0 ha F\u00f6rdermenge: &hellip; <a href=\"https:\/\/bonif.org\/?page_id=14\" class=\"more-link\"><span class=\"screen-reader-text\">Instandhaltung der Sch\u00f6pfwerke<\/span> weiterlesen <span class=\"meta-nav\">&rarr;<\/span><\/a><\/p>\n","protected":false},"author":1,"featured_media":0,"parent":13,"menu_order":9,"comment_status":"open","ping_status":"closed","template":"","meta":{"_acf_changed":false,"footnotes":""},"class_list":["post-14","page","type-page","status-publish","hentry"],"acf":[],"jetpack_sharing_enabled":true,"_links":{"self":[{"href":"https:\/\/bonif.org\/index.php?rest_route=\/wp\/v2\/pages\/14","targetHints":{"allow":["GET"]}}],"collection":[{"href":"https:\/\/bonif.org\/index.php?rest_route=\/wp\/v2\/pages"}],"about":[{"href":"https:\/\/bonif.org\/index.php?rest_route=\/wp\/v2\/types\/page"}],"author":[{"embeddable":true,"href":"https:\/\/bonif.org\/index.php?rest_route=\/wp\/v2\/users\/1"}],"replies":[{"embeddable":true,"href":"https:\/\/bonif.org\/index.php?rest_route=%2Fwp%2Fv2%2Fcomments&post=14"}],"version-history":[{"count":12,"href":"https:\/\/bonif.org\/index.php?rest_route=\/wp\/v2\/pages\/14\/revisions"}],"predecessor-version":[{"id":695,"href":"https:\/\/bonif.org\/index.php?rest_route=\/wp\/v2\/pages\/14\/revisions\/695"}],"up":[{"embeddable":true,"href":"https:\/\/bonif.org\/index.php?rest_route=\/wp\/v2\/pages\/13"}],"wp:attachment":[{"href":"https:\/\/bonif.org\/index.php?rest_route=%2Fwp%2Fv2%2Fmedia&parent=14"}],"curies":[{"name":"wp","href":"https:\/\/api.w.org\/{rel}","templated":true}]}}