{"id":13,"date":"2015-04-30T08:53:24","date_gmt":"2015-04-30T06:53:24","guid":{"rendered":"https:\/\/bonif.org.dd27824.kasserver.com\/projekt\/?page_id=13"},"modified":"2015-06-18T17:19:47","modified_gmt":"2015-06-18T15:19:47","slug":"instandhaltung-der-entwaesserungsgraeben","status":"publish","type":"page","link":"https:\/\/bonif.org\/?page_id=13","title":{"rendered":"Instandhaltung der Entw\u00e4sserungsgr\u00e4ben"},"content":{"rendered":"<h2><span id=\"noHighlight_0.9731656957731165\"><\/span>Instandhaltung der Entw\u00e4sserungsgr\u00e4ben<\/h2>\n<div id=\"idTextPanel\" class=\"jqDnR\">\n<p><a href=\"https:\/\/bonif.org\/wp-content\/uploads\/2015\/04\/100_1400.jpg\"><img loading=\"lazy\" decoding=\"async\" class=\" size-medium wp-image-414 alignleft\" src=\"https:\/\/bonif.org\/wp-content\/uploads\/2015\/04\/100_1400-300x225.jpg\" alt=\"100_1400\" width=\"300\" height=\"225\" \/><\/a>Der prim\u00e4re T\u00e4tigkeitsbereich des Bonifizierungskonsortiums \u201eGmund-Salurn\u201c ist die Bewirtschaftung und Instandhaltung des Grabennetzes im \u00f6ffentlichen Interesse, welches den Oberfl\u00e4chengew\u00e4sserabzug im Einzugsgebiet erm\u00f6glicht. Hierzu geh\u00f6ren die Pflege und Mahd der B\u00f6schungen, die S\u00e4uberung der Grabensohle sowie die Wiederherstellung von abgerutschten B\u00f6schungsabschnitten.<\/p>\n<p>Damit verbunden ist auch der Betrieb und die Instandhaltung von Schleusen und Absperrvorrichtungen, durch welche der Wasserstand in manchen Gr\u00e4ben geregelt werden kann.<\/p>\n<p>Beiliegend die Aufstellung jener Abzugsgr\u00e4ben, welche im Sinne der Bestimmungen des Landesgesetzes 5\/2009 und des \u201eAllgemeinen Bonifizierungsplanes\u201c in Zust\u00e4ndigkeit des Bonifizierungskonsortiums \u201eGmund-Salurn\u201c sind.<\/p>\n<p><a href=\"https:\/\/bonif.org\/wp-content\/uploads\/2015\/04\/Aufstellung-Gr\u00e4ben.pdf\">Aufstellung Gr\u00e4ben<\/a><\/p>\n<p>&nbsp;<\/p>\n<\/div>\n<div class=\"jqDnR\">\n<hr \/>\n<p><strong><span style=\"text-decoration: underline;\">Managementleitlinien f\u00fcr eine naturnahe Instandhaltung der Gr\u00e4ben:<\/span><\/strong><\/p>\n<p><a href=\"https:\/\/bonif.org\/wp-content\/uploads\/2015\/05\/CIMG0915.jpg\"><img loading=\"lazy\" decoding=\"async\" class=\" size-medium wp-image-439 alignleft\" src=\"https:\/\/bonif.org\/wp-content\/uploads\/2015\/05\/CIMG0915-300x225.jpg\" alt=\"CIMG0915\" width=\"300\" height=\"225\" \/><\/a>Damit die Abzugsgr\u00e4ben neben ihrer hydraulischen Funktion auch als Lebensraum f\u00fcr Flora und Fauna eine wertvolle Rolle spielen k\u00f6nnen, wurden in Zusammenarbeit mit dem Landesamt f\u00fcr Landschafts\u00f6kologie sogenannte \u201eManagementleitlinien\u201c erstellt, nach welchen die Mahd der Gr\u00e4ben \u2013 soweit aus hydraulischer Sicht vertretbar \u2013 abschnittsweise und so sp\u00e4t wie m\u00f6glich durchgef\u00fchrt wird.<\/p>\n<p>Anbei die graphischen Planunterlagen, nach welchen sich die Mahd der Abzugsgr\u00e4ben in unserem Einzugsgebiet grunds\u00e4tzlich ausrichten.<\/p>\n<p><a href=\"https:\/\/bonif.org\/wp-content\/uploads\/2015\/05\/Gmund-Salurn-NORD.pdf\">Gmund-Salurn NORD<\/a><\/p>\n<p><a href=\"https:\/\/bonif.org\/wp-content\/uploads\/2015\/05\/Gmund-Salurn-S\u00dcD.pdf\">Gmund-Salurn S\u00dcD<\/a><\/p>\n<p>&nbsp;<\/p>\n<p><a href=\"https:\/\/bonif.org\/wp-content\/uploads\/2015\/05\/Sanierung-Hauptgraben.jpg\"><img loading=\"lazy\" decoding=\"async\" class=\"size-medium wp-image-431 alignleft\" src=\"https:\/\/bonif.org\/wp-content\/uploads\/2015\/05\/Sanierung-Hauptgraben-300x240.jpg\" alt=\"Exif_JPEG_422\" width=\"300\" height=\"240\" \/><\/a><\/p>\n<p>Auch bei der Instandsetzung von abgerutschten Grabenb\u00f6schungen ist das Bonifizierungskonsortium stets bem\u00fcht, die Wiederherstellung mittels Verwendung von m\u00f6glichst naturnahen Materialien wie Holz und Gestein durchzuf\u00fchren.<\/p>\n<\/div>\n","protected":false},"excerpt":{"rendered":"<p>Instandhaltung der Entw\u00e4sserungsgr\u00e4ben Der prim\u00e4re T\u00e4tigkeitsbereich des Bonifizierungskonsortiums \u201eGmund-Salurn\u201c ist die Bewirtschaftung und Instandhaltung des Grabennetzes im \u00f6ffentlichen Interesse, welches den Oberfl\u00e4chengew\u00e4sserabzug im Einzugsgebiet erm\u00f6glicht. Hierzu geh\u00f6ren die Pflege und Mahd der B\u00f6schungen, die S\u00e4uberung der Grabensohle sowie die Wiederherstellung von abgerutschten B\u00f6schungsabschnitten. Damit verbunden ist auch der Betrieb und die Instandhaltung von Schleusen und &hellip; <a href=\"https:\/\/bonif.org\/?page_id=13\" class=\"more-link\"><span class=\"screen-reader-text\">Instandhaltung der Entw\u00e4sserungsgr\u00e4ben<\/span> weiterlesen <span class=\"meta-nav\">&rarr;<\/span><\/a><\/p>\n","protected":false},"author":1,"featured_media":0,"parent":8,"menu_order":8,"comment_status":"open","ping_status":"closed","template":"","meta":{"_acf_changed":false,"footnotes":""},"class_list":["post-13","page","type-page","status-publish","hentry"],"acf":[],"jetpack_sharing_enabled":true,"_links":{"self":[{"href":"https:\/\/bonif.org\/index.php?rest_route=\/wp\/v2\/pages\/13","targetHints":{"allow":["GET"]}}],"collection":[{"href":"https:\/\/bonif.org\/index.php?rest_route=\/wp\/v2\/pages"}],"about":[{"href":"https:\/\/bonif.org\/index.php?rest_route=\/wp\/v2\/types\/page"}],"author":[{"embeddable":true,"href":"https:\/\/bonif.org\/index.php?rest_route=\/wp\/v2\/users\/1"}],"replies":[{"embeddable":true,"href":"https:\/\/bonif.org\/index.php?rest_route=%2Fwp%2Fv2%2Fcomments&post=13"}],"version-history":[{"count":22,"href":"https:\/\/bonif.org\/index.php?rest_route=\/wp\/v2\/pages\/13\/revisions"}],"predecessor-version":[{"id":720,"href":"https:\/\/bonif.org\/index.php?rest_route=\/wp\/v2\/pages\/13\/revisions\/720"}],"up":[{"embeddable":true,"href":"https:\/\/bonif.org\/index.php?rest_route=\/wp\/v2\/pages\/8"}],"wp:attachment":[{"href":"https:\/\/bonif.org\/index.php?rest_route=%2Fwp%2Fv2%2Fmedia&parent=13"}],"curies":[{"name":"wp","href":"https:\/\/api.w.org\/{rel}","templated":true}]}}